 factor of 323397?
False
Is 28 a factor of 34216?
True
Is 11 a factor of 2500353?
False
Does 94 divide 48215?
False
Is 6871045 a multiple of 6?
False
Is 385 a factor of 534380?
True
Does 5 divide 25800?
True
Is 498 a factor of 22929693?
False
Is 141570 a multiple of 33?
True
Is 2210920 a multiple of 40?
True
Is 7 a factor of 832139?
True
Does 283 divide 347087?
False
Does 401 divide 2214337?
False
Is 239 a factor of 121890?
True
Does 16 divide 60005?
False
Is 449068 a multiple of 27?
False
Is 134633 a multiple of 174?
False
Is 4 a factor of 6281284?
True
Is 142 a factor of 62799?
False
Does 15 divide 17059?
False
Does 46 divide 11413099?
False
Does 23 divide 203895?
True
Does 2 divide 88242?
True
Is 168858 a multiple of 354?
True
Is 473737 a multiple of 7?
False
Is 9282 a multiple of 36?
False
Is 8894679 a multiple of 78?
False
Does 36 divide 2674939?
False
Is 192 a factor of 196032?
True
Is 5159952 a multiple of 14?
True
Is 31 a factor of 1301256?
True
Is 29 a factor of 8928962?
False
Does 239 divide 11740233?
False
Is 402 a factor of 1073742?
True
Does 1291 divide 10125416?
False
Is 126620 a multiple of 13?
True
Does 2 divide 66444?
True
Is 13 a factor of 455?
True
Is 5151088 a multiple of 14?
False
Does 5 divide 1183837?
False
Is 568826 a multiple of 28?
False
Is 6 a factor of 140956?
False
Is 15 a factor of 707355?
True
Does 274 divide 56444?
True
Does 1509 divide 30442987?
False
Is 282774 a multiple of 126?
False
Does 575 divide 2730100?
True
Does 78 divide 78780?
True
Does 329 divide 26876?
False
Is 20 a factor of 102740?
True
Does 13 divide 1120938?
True
Does 45 divide 118116?
False
Is 190563 a multiple of 162?
False
Does 12 divide 266592?
True
Is 4590490 a multiple of 12?
False
Is 5 a factor of 92660?
True
Is 2231450 a multiple of 220?
False
Is 47 a factor of 174961?
False
Is 394 a factor of 479498?
True
Is 1505545 a multiple of 42?
False
Is 7 a factor of 25522?
True
Is 84718 a multiple of 113?
False
Is 34 a factor of 1941?
False
Is 680 a factor of 166600?
True
Is 21 a factor of 37792563?
False
Is 1828812 a multiple of 593?
True
Is 6853218 a multiple of 159?
True
Does 6 divide 1026386?
False
Is 90 a factor of 28837?
False
Is 57 a factor of 111463?
False
Is 988 a factor of 2457?
False
Does 14 divide 2856364?
True
Is 272 a factor of 136544?
True
Is 62 a factor of 3794040?
False
Is 9 a factor of 5537430?
True
Is 299607 a multiple of 33?
True
Is 92 a factor of 68908?
True
Is 13328 a multiple of 34?
True
Is 1544 a factor of 3893968?
True
Is 30 a factor of 3419656?
False
Does 3 divide 251358?
True
Is 668 a factor of 2649349?
False
Is 2364837 a multiple of 69?
True
Does 14 divide 524926?
False
Is 2717776 a multiple of 758?
False
Does 346 divide 2037594?
True
Is 1954 a factor of 13027318?
True
Is 5293917 a multiple of 457?
False
Is 165955 a multiple of 133?
False
Is 10 a factor of 14781120?
True
Is 140 a factor of 12875380?
True
Is 26 a factor of 60813?
False
Is 101 a factor of 7212189?
False
Is 1181255 a multiple of 21?
False
Is 15268425 a multiple of 5?
True
Is 224428 a multiple of 38?
True
Is 404 a factor of 3618925?
False
Is 703048 a multiple of 230?
False
Is 5881491 a multiple of 297?
True
Does 25 divide 603980?
False
Is 60 a factor of 4755236?
False
Is 51 a factor of 2266755?
False
Is 3186462 a multiple of 17?
False
Is 340210 a multiple of 13?
True
Does 240 divide 3416160?
True
Is 106759 a multiple of 39?
False
Does 14 divide 1163416?
False
Is 18 a factor of 1822536?
True
Is 54 a factor of 179874?
True
Is 19 a factor of 21622?
True
Is 46 a factor of 959514?
True
Does 481 divide 1644058?
True
Does 11 divide 820984?
False
Is 12 a factor of 67898?
False
Does 24 divide 284904?
True
Is 1265569 a multiple of 288?
False
Is 7413620 a multiple of 9?
False
Does 8 divide 15289616?
True
Is 69 a factor of 73964?
False
Is 796692 a multiple of 8?
False
Is 20984 a multiple of 7?
False
Is 9511509 a multiple of 673?
True
Is 6 a factor of 400968?
True
Is 874292 a multiple of 165?
False
Is 2 a factor of 39399?
False
Does 307 divide 120037?
True
Does 25 divide 21001?
False
Is 9 a factor of 795817?
False
Is 74 a factor of 1203832?
True
Does 12 divide 89316?
True
Is 33 a factor of 2002726?
False
Is 10 a factor of 67075?
False
Is 47915 a multiple of 37?
True
Does 126 divide 959701?
False
Is 4984022 a multiple of 48?
False
Is 406164 a multiple of 603?
False
Is 545 a factor of 3048964?
False
Is 10 a factor of 283370?
True
Does 89 divide 884037?
True
Does 3 divide 2053485?
True
Does 5 divide 2729610?
True
Is 375012 a multiple of 132?
True
Does 263 divide 44043?
False
Does 20 divide 6548318?
False
Does 16 divide 127916?
False
Is 3659086 a multiple of 538?
False
Does 10 divide 1634140?
True
Does 72 divide 203040?
True
Is 3319750 a multiple of 250?
True
Does 300 divide 835500?
True
Is 6 a factor of 678154?
False
Does 17 divide 304885?
False
Does 392 divide 16072?
True
Is 1228653 a multiple of 280?
False
Is 40176 a multiple of 36?
True
Does 544 divide 2099840?
True
Does 88 divide 2499863?
False
Is 8 a factor of 6605?
False
Is 6196323 a multiple of 327?
True
Does 51 divide 344403?
True
Is 1902376 a multiple of 8?
True
Is 1029350 a multiple of 34?
True
Is 60 a factor of 77460?
True
Does 583 divide 496199?
False
Does 4 divide 52964?
True
Is 12 a factor of 274188?
True
Does 3 divide 85058?
False
Is 295088 a multiple of 119?
False
Is 10 a factor of 163656?
False
Is 2409667 a multiple of 23?
False
Is 322371 a multiple of 119?
True
Is 26 a factor of 131950?
True
Is 25 a factor of 76277?
False
Is 474 a factor of 1697394?
True
Is 32941 a multiple of 43?
False
Is 225062 a multiple of 175?
False
Does 13 divide 6770842?
True
Is 10 a factor of 7580?
True
Is 374 a factor of 9283005?
False
Does 7 divide 4898096?
True
Does 508 divide 341376?
True
Is 184706 a multiple of 4?
False
Does 10 divide 2370740?
True
Is 99301 a multiple of 199?
True
Is 75 a factor of 1006875?
True
Is 8 a factor of 543190?
False
Is 9 a factor of 1683108?
True
Is 3 a factor of 27443?
False
Does 233 divide 1066674?
True
Does 369 divide 287862?
False
Does 59 divide 1174277?
True
Is 14 a factor of 282387?
False
Does 30 divide 873554?
False
Is 1062 a factor of 1193688?
True
Does 539 divide 1804572?
True
Is 515712 a multiple of 136?
True
Is 637130 a multiple of 65?
True
Does 1308 divide 5727732?
True
Is 35698 a multiple of 4?
False
Is 171 a factor of 571341?
False
Does 630 divide 176513?
False
Is 49795 a multiple of 34?
False
Does 601 divide 95937?
False
Is 548637 a multiple of 7?
False
Is 345073 a multiple of 45?
False
Does 4 divide 14088861?
False
Is 91 a factor of 9140916?
False
Is 37374 a multiple of 4?
False
Is 1489600 a multiple of 760?
True
Does 712 divide 1106448?
True
Does 11 divide 132154?
True
Is 2 a factor of 51849?
False
Is 397152 a multiple of 48?
True
Is 97 a factor of 2181106?
False
Is 400 a factor of 6412400?
True
Is 589 a factor of 3551081?
True
Is 6046 a multiple of 23?
False
Is 8704 a multiple of 4?
True
Is 446292 a multiple of 231?
True
Is 103 a factor of 87035?
True
Does 16 divide 203426?
False
Does 6 divide 80622?
True
Is 395634 a multiple of 6?
True
Is 10 a factor of 21870?
True
Is 251 a factor of 3455520?
False
Does 434 divide 209629?
False
Does 3 divide 10131?
True
Is 34 a factor of 3638?
True
Is 35529 a multiple of 39?
True
Is 3554614 a multiple of 662?
False
Is 12 a factor of 285623?
False
Is 144 a factor of 174321?
False
Does 2 divide 41169?
False
Is 23 a factor of 51120?
False
Does 366 divide 15866167?
False
Does 32 divide 1187191?
False
Does 188 divide 6956?
True
Does 37 divide 124814?
False
Is 83808 a multiple of 105?
False
Is 492 a factor of 935744?
False
Is 36 a factor of 24048?
True
Does 11 divide 21546?
False
Is 421 a factor of 775482?
True
Is 35 a factor of 153790?
True
Is 2545968 a multiple of 124?
True
Does 8 divide 291088?
True
Is 427917 a multiple of 123?
True
Is 304332 a multiple of 3?
True
Does 11 divide 173514?
True
Does 919 divide 590712?
False
Does 6 divide 63731?
False
Is 1843743 a multiple of 13?
False
Does 100 divide 54300?
True
Does 345 divide 465719?
False
Is 105570 a multiple of 23?
True
Is 776259 a multiple of 81?
False
Is 14320375 a multiple of 1955?
True
Is 172 a factor of 93052?
True
Is 148 a factor of 3979572?
True
Does 9 divide 266934?
False
Is 128 a fact